 0, b + 65 = q - 2*b. Let l = -351 + 493. Let u = -130 + l. What is the remainder when q is divided by u?
11
Let d(n) = n**3 + 12*n**2 + 26. Let i be (18/(-45))/(-4 + 242/60). What is the remainder when 40 is divided by d(i)?
14
Suppose -229*o + 168*o = -2928. What is the remainder when 374 is divided by o?
38
Suppose 60*y + 34856 - 32015 = 79461. What is the remainder when y is divided by 32?
29
Let f(q) = -7*q**2 + 5*q - 5. Let t be f(2). Let y = -21 - t. What is the remainder when 2/2 + (-6)/(-3) is divided by y?
1
Let r(v) = 2*v**2 + 77*v + 116. Let k be r(-37). Suppose -q - 3*q - 2*h + 34 = 0, -4*q = k*h - 31. Calculate the remainder when 31 is divided by q.
4
Suppose 4*n = 5*z + 1427, 0 = 4*n + 5*z - 1147 - 290. Calculate the remainder when n is divided by 42.
22
Suppose -9*o + 4*o = -5*w - 1340, 3*o - 2*w - 809 = 0. What is the remainder when o is divided by 55?
53
Suppose -12*f - 14 = -19*f. Let b(t) = 32*t**2 - 24*t + 42. Calculate the remainder when b(f) is divided by 13.
5
Let w(g) = 23*g - 169. Calculate the remainder when w(23) is divided by (-308)/33*3/(-4).
3
Let s(c) = 20 + 2 + 39*c - 3*c**2 + 49*c + 0 - 43*c. What is the remainder when 41 is divided by s(15)?
19
Let i be (29/31 + (-320)/(-4960))*(0 + 23). Let n = 3 + -2. Let l = n + i. What is the remainder when 93 is divided by l?
21
Suppose -254*u + 9276 = -14092. Calculate the remainder when u is divided by -12*(-1)/(1 + 0).
8
Let c(y) = 567*y**3 - 2*y**2 + y. Suppose 2*q = q + 3*x + 62, 2*x - 219 = -3*q. Calculate the remainder when c(1) is divided by q.
69
Let k(a) = -129*a - 60. Let l = -306 - -303. Calculate the remainder when k(l) is divided by 15.
12
Suppose w = -3*w + 232. Let u(f) = f**2 - 13*f + 8. Let a be u(9). Let x = w + a. What is the remainder when x is divided by 16?
14
Suppose 68*b - 467 = 4753 + 1104. What is the remainder when 2601 is divided by b?
90
Suppose -1 = 4*y - 165. Let r(l) = l**2 - 23*l - 67. Let m be r(27). Let q = m - 18. What is the remainder when y is divided by q?
18
Let x(h) = 24*h + 5. Let t(i) = 264*i + 56. Let q(z) = -5*t(z) + 56*x(z). Suppose 28*g = 1285 - 249. What is the remainder when q(3) is divided by g?
35
Let r(h) = -3*h**2 + 114*h - 99. What is the remainder when 809 is divided by r(36)?
107
Suppose -11210 = -26*x + 9*x + 1914. Calculate the remainder when x is divided by 78.
70
Suppose k - 330 = 6*i - 1402, 0 = -4*i - 3*k + 744. What is the remainder when 538 is divided by i?
178
Let t(q) = 45*q - 1192. What is the remainder when 198 is divided by t(29)?
85
Let d(m) be the second derivative of m**4/6 - m**3 - 3*m. Let r be (0/(-3) - 2) + 42/7. Calculate the remainder when 52 is divided by d(r).
4
Suppose 2*n = 5*w - 1295, -n = -2*w + 4*n + 539. What is the remainder when w is divided by 6?
5
Let w = -27 - -32. Suppose w*q = 16 + 4. Suppose -4*v - h + 44 = 0, 0 = -q*v - 2*h + 1 + 39. What is the remainder when 20 is divided by v?
8
Suppose 5*t = -2*v + 608, 0 = 5*t - 29*t - 5*v + 2854. Suppose 0 = -4*w + 3*w + 58. Calculate the remainder when t is divided by w.
0
Let f be ((-70)/30)/((-3)/(-720)*-2). Let b = -170 + f. Suppose 2*y + 2*t = -2*t + 76, -92 = -4*y + 4*t. Calculate the remainder when b is divided by y.
26
Suppose -93*s + 16716 + 12432 = -3402. What is the remainder when s is divided by 346?
4
Let t be (-4)/4 + 6 + -14. Suppose 2 = -a + 15. Calculate the remainder when ((-5)/(15/12))/(1/t) is divided by a.
10
Let p(i) = 4*i**2 - 2 + i**3 + 8*i**2 + 15 + 13*i. Let f be p(-11). What is the remainder when 8 is divided by f*(-2 + 5/3)?
2
Let o = 330 + -237. Suppose -3*p = o - 150. What is the remainder when 24 is divided by p?
5
Suppose 152*n + 284 = 156*n. Suppose 8*x - n - 161 = 0. Calculate the remainder when 74 is divided by x.
16
Let p be (-32)/(-6)*(-531)/(-236). What is the remainder when (2 - -1095)*(p - 11) is divided by 55?
52
Let v be -3 + 25/5 + 6. Suppose 0*u = v*u. Suppose u = -4*m + 6*m - 282. Calculate the remainder when m is divided by 18.
15
Suppose -51756 = 12*c - 85008. Calculate the remainder when c is divided by 42.
41
Suppose 16348 = 2*a - b, -5*b = -a + 8947 - 782. Calculate the remainder when a is divided by 141.
138
Suppose -4*z - 5 + 21 = -4*h, -4*z = 8. Let t = 14 + h. Suppose 11*w - 51 = t*w. What is the remainder when 81 is divided by w?
13
What is the remainder when 108504/308 + 36/(-28) + 1 is divided by 51?
46
Let a = 66 - 56. Let g(t) = -t + 13. Let c be g(a). Suppose -4*y - c = -5*y. What is the remainder when y is divided by 3?
0
Let x(h) = 12*h - 291. Calculate the remainder when 609 is divided by x(33).
84
Let v(l) be the first derivative of l**3/3 - 17*l**2/2 - 6*l + 12. Let s be v(18). Calculate the remainder when (-15)/(-2)*s/10 is divided by 2.
1
Let f = -418 - -556. Calculate the remainder when f is divided by (-1 + 6)*(-3 + (-145)/(-25)).
12
Suppose 0 = 22*f - 31*f + 90. What is the remainder when 27 is divided by (f - 9)/((-7)/(-91))?
1
Let n(t) = -4*t - 28. Let a be n(-8). Let y be 1 + a + 9/(-9). Suppose -4*q = -v + y*v - 58, -2*q + 16 = -5*v. Calculate the remainder when 25 is divided by q.
12
Suppose 271*q - 1251 = 262*q. Calculate the remainder when 975 is divided by q.
2
Let z be (2/4)/((-5)/8530). Let c = -640 - z. Calculate the remainder when c is divided by 31.
27
Let f(j) = -j**2 + 33*j - 37. Calculate the remainder when 390 is divided by f(23).
4
What is the remainder when 1382 is divided by (-352)/(0 + -2) + 105 + -107?
164
Suppose 149 = 5*k + 4*p, -5*k + 2*p = 7*p - 150. Let b(n) = 76*n - 8269. What is the remainder when k is divided by b(109)?
14
Let i(s) = 11*s**2 + 4*s + 1. What is the remainder when i(-4) is divided by -123*4/(-12)*1?
38
Let v = 20200 - 19336. What is the remainder when v is divided by 37?
13
Calculate the remainder when (-1577064)/(-3588) - (-12)/26 is divided by 433.
7
Let o = 15642 + -15613. Calculate the remainder when 3767 is divided by o.
26
Suppose -5*q + 3*j = 1786, -q - 12*j = -8*j + 371. Let p = 380 + q. What is the remainder when 101 is divided by p?
17
What is the remainder when 8/5*-6*(15 + 1470/(-84)) is divided by ((-3)/(-6))/((-2)/(-76))?
5
Suppose -2*o - 410 = 3*r, 0*r + 2*r = 4. Let w = o + 382. What is the remainder when w is divided by 8?
6
Let n(p) = 285*p - 454. Calculate the remainder when n(7) is divided by 769.
3
Let p(i) = 3 - 1 - 5 + 5*i + i. Suppose -4*l = -4*y + 44, -2*l - 13 = 5*y - 75. What is the remainder when p(4) is divided by y?
9
What is the remainder when 460 is divided by 80/3*(4437/34)/29?
100
Suppose -4*s - 137 = -z, -z - 4*s - 58 = -139. What is the remainder when z is divided by 13?
5
Suppose 0 = 4*k - 4, 2*g - 55 = -2*g + k. Let r = g - 5. Suppose 5*y - r = 106. Calculate the remainder when y is divided by 12.
11
Suppose -4*a + 5393 = -y, 5*a - 1707*y - 6739 = -1705*y. Calculate the remainder when a is divided by 54.
53
Suppose -b + 0 = -2. Suppose -3*n - 8 = -b*w, -2*w - 7 = 4*n + 13. Let d = n - -17. What is the remainder when d is divided by 4?
1
Let a(l) = l**3 - 10*l**2 + 9*l + 8. What is the remainder when (10/8)/((-35)/(-1960)) is divided by a(9)?
6
Let d(h) = h**3 + h**2 - h + 2. Let m be d(0). Suppose -31*u + 162 + 4 = -671. Calculate the remainder when (m/6)/((-2)/(-474)) is divided by u.
25
Let h = -5277 - -5327. Calculate the remainder when 3389 is divided by h.
39
Let p be (-18)/261 - 1744/(-58). Let c = 54 + p. Calculate the remainder when 246 is divided by c.
78
Suppose -6*m + d + 597 = 0, -5*m + 5*d = -0*d - 510. What is the remainder when 324 is divided by m?
27
Let k(v) = -106*v - 4. Let q be 22/4 + 0 - 6/12. Suppose -o = -8*s + 4*s + 6, -q = o - 3*s. What is the remainder when k(o) is divided by 53?
49
Suppose 120*p - 85*p - 40544 + 2814 = 0. What is the remainder when p is divided by 21?
7
Let z(j) = -10*j - 5. Let f be z(-1). Suppose -f*q + 645 = 230. Calculate the remainder when q is divided by 4.
3
Suppose -3*y = -3*a + 249, 10*y - 5*y - 296 = -4*a. Let j = -53 + a. Let x = 38 - j. What is the remainder when 34 is divided by x?
10
Suppose -111*c - 18 = -113*c. Suppose -6*z = -4*z - 88. What is the remainder when z is divided by c?
8
Suppose -3629*l = -3609*l - 63900. What is the remainder when l is divided by 47?
46
Let z(p) = p**2 + 9. Let l(d) = d**2 + 4*d. Let b be l(-5